{"id":97,"date":"2021-06-04T01:54:48","date_gmt":"2021-06-03T22:54:48","guid":{"rendered":"https:\/\/inoctr.org\/?page_id=97"},"modified":"2023-11-30T12:23:51","modified_gmt":"2023-11-30T09:23:51","slug":"focal-points","status":"publish","type":"page","link":"https:\/\/inoctr.org\/index.php\/focal-points\/","title":{"rendered":"FOCAL POINTS"},"content":{"rendered":"\n<figure class=\"wp-block-table is-style-stripes\"><table><tbody><tr><td><strong><em>Algeria<\/em><\/strong><strong><em><br><\/em><\/strong><em>Ecole Sup\u00e9rieure des Sciences de la Mer et de l\u2019Am\u00e9nagement du Littoral (ESSMAL).<br>Campus universitaire, Bois des Cars, Dely Ibrahim, 16320 Alger<br>Tel: + 213 21 63 79 16 \u2013 37 70 76; Fax: + 213 21 37 68 06<br>E-mail:&nbsp;<a href=\"javascript:x5engine.utils.emailTo('2221234113','dzl.masnsl@essmanedg_')\">dg_enssmal@enssmal.dz<\/a>&nbsp;;&nbsp;<a href=\"javascript:x5engine.utils.emailTo('2221234','fro.hoa@yakhdzou')\">dzouakh@yahoo.fr<\/a>&nbsp;&nbsp;&nbsp;&nbsp;&nbsp;&nbsp;&nbsp;&nbsp;<\/em><\/td><td><strong><em><a href=\"http:\/\/www.enssmal.dz\/\" target=\"_blank\" rel=\"noreferrer noopener\">http:\/\/www.enssmal.dz\/<\/a><\/em><\/strong><\/td><\/tr><tr><td><br><strong><em>Azerbaijan<br><\/em><\/strong><em>Azerbaijan National Academy Of Sciences,&nbsp;Institute of Geography named after acad.H.Aliyev<br>115, av. H.Cavid, Baku, Tel:&nbsp;(+994 12) 5382900; Fax:&nbsp;(+994 12) 5396966&nbsp;: E-mail:&nbsp;cografiya_inst@mail.ru &nbsp;<br>Director:&nbsp;Academician Ramiz Mahmud oglu Mammadov<br>Phone: (+994 12) 5382900&nbsp;;&nbsp;Mobile: (+994 50) 3167358&nbsp;;&nbsp;Fax: (+994 12) 5396966<br>E-mail.: ramiz.mamedov@geo.ab.az<\/em><\/td><td><strong><em><a href=\"http:\/\/www.igaz.az\" target=\"_blank\" rel=\"noreferrer noopener\">www.igaz.az<\/a><\/em><\/strong><\/td><\/tr><tr><td><br><strong><em>Bangladesh<\/em><\/strong><br><em>Institute of Marine Sciences and Fisheries, University of Chittagong, Chittagong<br>Tel: 88031 710347; Fax: 88031 726310<br>E mail:&nbsp;<a href=\"javascript:x5engine.utils.emailTo('1441143','mo.coyaho@sarimzaf')\">zafarims@yahoo.com<\/a>&nbsp;or<a href=\"javascript:x5engine.utils.emailTo('14411431',' c.bdcu.asmar@izaf ')\">&nbsp;zafar@imscu.ac.bd&nbsp;<\/a>&nbsp;&nbsp;&nbsp;&nbsp;&nbsp;<\/em><\/td><td><strong><em><a href=\"http:\/\/www.cu.ac.bd\/\" target=\"_blank\" rel=\"noreferrer noopener\">http:\/\/www.cu.ac.bd\/<\/a><\/em><\/strong><\/td><\/tr><tr><td><br><strong>Cameroon<\/strong><br>Ministry of Environment and Forest Yaound\u00e9<br>Tel : + 237226909 Fax : + 237 229489-&nbsp;221225<br>E-mail :&nbsp;<em><a href=\"javascript:x5engine.utils.emailTo('14411432','ml.cotmaiohene@endef')\">efendene@hotmail.com<\/a><\/em><\/td><td><\/td><\/tr><tr><td><br><strong>Egypt<\/strong><br>National Institute of Oceanography and Fisheries 101, Qasr El \u2013 Ainy St. Cairo<br>Tel : + 202 5941341 \u2013807138 \u2013 801553 Fax : + 202 5941341<br>E-mail :&nbsp;<em><a href=\"javascript:x5engine.utils.emailTo('1441141','ml.cotmaiohiof@n')\">niof@hotmail.com<\/a><\/em>;&nbsp;<em><a href=\"javascript:x5engine.utils.emailTo('1441143311','mo.coyaho@asamiil_khaim')\">mikhail_samia@yahoo.com<\/a><\/em>&nbsp;&nbsp;&nbsp;&nbsp;&nbsp;&nbsp;&nbsp;&nbsp;&nbsp;&nbsp;&nbsp;&nbsp;&nbsp;&nbsp;&nbsp;&nbsp;&nbsp;&nbsp;&nbsp;&nbsp;&nbsp;&nbsp;&nbsp;&nbsp;&nbsp;&nbsp;&nbsp;<\/td><td><strong><em><a href=\"http:\/\/www.niof.sci.eg\/\" target=\"_blank\" rel=\"noreferrer noopener\">http:\/\/www.niof.sci.eg\/<\/a><\/em><\/strong><\/td><\/tr><tr><td><br><strong>Indonesia<\/strong><br>Faculty of Fisheries and Marine Sciences Bogor Agricultural University<br>Kampus IPB Darmaga, Jalan Raya Darmaga, Bogor, 16680 Jawa Bara<br>Tel: +62 (251) 8622 909; Fax: +62 (251) 8622907;<br><em>E-mail :<a href=\"javascript:x5engine.utils.emailTo('331322','.id.acb@ipikfp')\">fpik@ipb.ac.id<\/a><\/em><\/td><td><strong><em><a href=\"http:\/\/itk.fpik.ipb.ac.id\" target=\"_blank\" rel=\"noreferrer noopener\">http:\/\/itk.fpik.ipb.ac.id<\/a><\/em><\/strong><\/td><\/tr><tr><td><br><strong>Iran<\/strong><br>Iranian National&nbsp;Institute&nbsp;for Oceanography 3, Etemad Zadeh St., Fatemi Ave., Tehran, Iran, 1411813389<br>Tel: (098)2166944867 ; &nbsp;Fax: (098)2166944866<br>E-mail:<a href=\"javascript:x5engine.utils.emailTo('33132441','.ir.acoinii@eginv_ch ')\">&nbsp;<em>v_chegini@inio.ac.ir<\/em><\/a> or&nbsp;<em><a href=\"javascript:x5engine.utils.emailTo('33132443','comil.a@gmnihegiid.cvah')\">vahid.chegini@gmail.com<\/a><\/em>&nbsp;&nbsp;<\/td><td><strong><em><a href=\"http:\/\/www.inco.ac.ir\" target=\"_blank\" rel=\"noreferrer noopener\">http:\/\/www.inco.ac.ir<\/a><\/em><\/strong><\/td><\/tr><tr><td><br><strong>Iraq<\/strong><br>Marine Science Centre University of Basrah<br>Tel :+9647806430309<br>E-mail :&nbsp;<em><a href=\"javascript:x5engine.utils.emailTo('33132442','comra.scbams4ha@lik5ma')\">ali.baisel@uobasrah.edu.iq<\/a><\/em>  msc@uobadrah.edu.iq <br><meta charset=\"utf-8\"><em><a href=\"https:\/\/msc.uobasrah.edu.iq\/ \">https:\/\/msc.uobasrah.edu.iq\/ <\/a><\/em><\/td><td><br><br><br><em><a href=\"https:\/\/msc.uobasrah.edu.iq\/ \">https:\/\/msc.uobasrah.edu.iq\/ <\/a><\/em><\/td><\/tr><tr><td><br><strong>Jordan<\/strong><br>Marine Science Station P.O.Box 195, Aqaba<br>Tel: +962 3 2015144 \u2013 45; Fax: +962 3 2013674<br>E-mail:&nbsp;<em><a href=\"javascript:x5engine.utils.emailTo('331323','.joedu.@juddsai')\">saidd@ju.edu.jo<\/a><\/em>&nbsp;&nbsp;&nbsp;&nbsp;&nbsp;&nbsp;&nbsp;&nbsp;&nbsp;&nbsp;&nbsp;&nbsp;&nbsp;&nbsp;&nbsp;&nbsp;&nbsp;&nbsp;&nbsp;&nbsp;&nbsp;&nbsp;&nbsp;&nbsp;&nbsp;&nbsp;&nbsp;&nbsp;&nbsp;&nbsp;&nbsp;&nbsp;&nbsp;&nbsp;&nbsp;&nbsp;&nbsp;&nbsp;&nbsp;&nbsp;&nbsp;&nbsp;&nbsp;&nbsp;&nbsp;<\/td><td><strong><em><a href=\"http:\/\/www.ju.edu.jo\/resources\/MSS\/\" target=\"_blank\" rel=\"noreferrer noopener\">http:\/\/www.ju.edu.jo\/resources\/MSS\/<\/a><\/em><\/strong><\/td><\/tr><tr><td><br><strong>Kuwait<\/strong><br>Department of Fisheries &nbsp;Public Authority of Agriculture Affairs &amp; Fish Resources&nbsp;P.O. Box: 21422, Safat 13075 State of Kuwait<br>Tel: &nbsp;+965-22254111 Fax: +965-22254103<br>E-mail:<em><a href=\"javascript:x5engine.utils.emailTo('4121341314','.neteurtculaquasrai@info')\">&nbsp;info@raisaquaculture.net<\/a><\/em>&nbsp;&nbsp;&nbsp;&nbsp;&nbsp;&nbsp;&nbsp;&nbsp;&nbsp;&nbsp;&nbsp;&nbsp;&nbsp;&nbsp;&nbsp;&nbsp;&nbsp;&nbsp;&nbsp;&nbsp;&nbsp;&nbsp;&nbsp;&nbsp;&nbsp;&nbsp;&nbsp;&nbsp;&nbsp;&nbsp;&nbsp;&nbsp;&nbsp;&nbsp;&nbsp;&nbsp;&nbsp;&nbsp;&nbsp;&nbsp;&nbsp;&nbsp;&nbsp;&nbsp;&nbsp;&nbsp;&nbsp;&nbsp;&nbsp;&nbsp;&nbsp;&nbsp;<\/td><td><strong><em><a href=\"http:\/\/www.kisr.edu.kw\/\" target=\"_blank\" rel=\"noreferrer noopener\">http:\/\/www.kisr.edu.kw\/<\/a><\/em><\/strong><\/td><\/tr><tr><td><br><strong>Lebanon<\/strong><br>National Centre for Marine Sciences (NCMS) &nbsp;B.P.453 Batroun<br>Tel: + 961 6 741582 \/ 3; Fax: + 961 6 741 584<br>E-mail:&nbsp;<em><a href=\"javascript:x5engine.utils.emailTo('41213411','u.lbd.escnrhar@ib')\">bihar@cnrs.edu.lb<\/a><\/em>&nbsp;&nbsp;&nbsp;&nbsp;&nbsp;<\/td><td><strong><em><a href=\"http:\/\/www.cnrs.edu.lb\/\" target=\"_blank\" rel=\"noreferrer noopener\">http:\/\/www.cnrs.edu.lb<\/a><\/em><\/strong><\/td><\/tr><tr><td><br><strong>Libya<\/strong><br>Marine Biology Research Centre University Al-Fateh<br>P.O.Box 30830 Tajura<br>Tel: +218 21 3690340\/1 or 3690001\/3 ; Fax: +218 21 3690002<br>E-mail:&nbsp;<a href=\"javascript:x5engine.utils.emailTo('124333','y.l.orgbrco@minf')\">info@mbrc.org.ly<\/a><\/td><td><strong><em><a href=\"http:\/\/wwwmbrc.org.ly\/en\" target=\"_blank\" rel=\"noreferrer noopener\">http:\/\/wwwmbrc.org.ly\/en<\/a><\/em><\/strong><\/td><\/tr><tr><td><br><strong>Malaysia<\/strong><br>Borneo Marine Research unit University Malaysia Sabah<br>Beg Berkunci 2073, 88999 Kota Kinabalu, Sabah<br>Tel : + 60 88 260741-2-3-4 Fax : + 60 88 244434<br>E-mail :&nbsp;<em><a href=\"javascript:x5engine.utils.emailTo('12433441','mcoail.@gmm.maleerofsp')\">profsaleem.m@gmail.com<\/a><\/em><\/td><td><strong><em><a href=\"http:\/\/www.ums.edu.my\" target=\"_blank\" rel=\"noreferrer noopener\">http:\/\/www.ums.edu.my<\/a><\/em><\/strong><\/td><\/tr><tr><td><br><strong>Mauritania<\/strong><br>Institut Mauritanien des Recherches Oc\u00e9anographiques et des P\u00eaches BP 22 Nouadhibou<br>Tel : + 222 5 745 124 -002225745023 Fax : + 222 5 745 379<br>E-mail:&nbsp;&nbsp;<em><a href=\"javascript:x5engine.utils.emailTo('124331','r.mmropa@iervl')\">lerva@imrop.mr<\/a><\/em>;&nbsp;<em><a href=\"javascript:x5engine.utils.emailTo('124331','r.mmropa@iebol')\">leboa@imrop.mr<\/a><\/em>&nbsp;&nbsp;<em><a href=\"javascript:x5engine.utils.emailTo('124334','r.mmropr@iriecour')\">courrier@imrop.mr<\/a><\/em><\/td><td><strong><em><a href=\"http:\/\/www.imrop.mr\/\" target=\"_blank\" rel=\"noreferrer noopener\">http:\/\/www.imrop.mr\/<\/a><\/em><\/strong><\/td><\/tr><tr><td><br><strong>Morocco<\/strong><br>Institut National de Recherche Halieutique 2, rue de Tiznit B.P 21000 Casablanca.<br>Tel:00 2120522 22 02 49 Fax: 00 21222266967<br>E-mail:&nbsp;<em><a href=\"javascript:x5engine.utils.emailTo('211144124','ma.grrh.oh@incmamech')\">mechmach@inrh.org.ma<\/a><\/em>&nbsp;&nbsp;&nbsp;&nbsp;&nbsp;<em><a href=\"javascript:x5engine.utils.emailTo('211144124','ma.tebi.nil.ca@minrh')\">inrh@mail.cbi.net.ma<\/a><\/em><\/td><td><strong><em><a href=\"www.inrh.org.ma\" target=\"_blank\" rel=\"noreferrer noopener\">www.inrh.org.ma<\/a><\/em><\/strong><\/td><\/tr><tr><td><br><strong>Oman<\/strong><br>College of Agricultural and Marine Sciences, Sultan Qaboos University, Al-Khod 123,<br>Phone: + 968 515 191, Fax: + 968 24413639<br>E-mail:&nbsp;<em><a href=\"javascript:x5engine.utils.emailTo('211144124','om.udqu.ear@sphaprat')\">prathapar@squ.edu.om<\/a><\/em><\/td><td><strong><em><a href=\"http:\/\/www.squ.edu.om\/\" target=\"_blank\" rel=\"noreferrer noopener\">http:\/\/www.squ.edu.om\/<\/a><\/em><\/strong><\/td><\/tr><tr><td><br><strong>Palestine<\/strong><br>Palestine Water authority Balou &#8211;&nbsp;Baghdad Street Al. Of 2174 Ramallah West Bank Palestine<br>Tel: 97022429341 Fax:+97022429022<br>E-mail:&nbsp;<em><a href=\"javascript:x5engine.utils.emailTo('211141','ps.awwa@pp')\">pwa@pwa.ps<\/a><\/em><\/td><td><strong><em><a href=\"http:\/\/www.squ.edu.om\/\" target=\"_blank\" rel=\"noreferrer noopener\">http:\/\/www.pwa.ps\/<\/a><\/em><\/strong><\/td><\/tr><tr><td><br><strong>Pakistan<\/strong><br>National Institute of Oceanography ST 47, Block 1 Clifton Karachi 75600<br>Tel: + 92-21-9251172-78 Fax: +092-21-9251179<br>E-mail:&nbsp;<em><a href=\"javascript:x5engine.utils.emailTo('2232343','pkt..nexsubepk@cnio')\">niopk@cubexs.net.pk<\/a><\/em><\/td><td><strong><em><a href=\"www.niopk.gov.pk\/\" target=\"_blank\" rel=\"noreferrer noopener\">www.niopk.gov.pk\/<\/a><\/em><\/strong><\/td><\/tr><tr><td><br><strong>Saudi Arabia<\/strong><br>Dr. Assad Ahmed Al-Thukair<br>Bioengineering Department, King Fahd University of Petroleum &amp; Minerals&nbsp;Dhahran, 31261<br>Saudi Arabia<br>Tel: +966138603827&nbsp;&nbsp;Fax: +966138607031<br>E-mail: &nbsp;&nbsp;thukair@kfupm.edu.sa<\/td><td><strong><em><a href=\"https:\/\/www.kfupm.edu.sa\/\" target=\"_blank\" rel=\"noreferrer noopener\">https:\/\/www.kfupm.edu.sa\/<\/a><\/em><\/strong><\/td><\/tr><tr><td><br><strong>Senegal<\/strong><br>Dr Isma\u00efla NDOUR<br>Institut S\u00e9n\u00e9galais de Recherches Agricoles<br>Centre de Recherches Oc\u00e9anographiques de Dakar Thiaroye &nbsp;<br>Route du front de terre, P\u00f4le de recherche de Hann,<br>B.P. 2241 Dakar, SENEGAL, WEST AFRICA<br>Tel: 221 77 608 13 44 &#8211;&nbsp;Fax: 221 33 832 82 62<br>E mail:&nbsp;<a rel=\"noreferrer noopener\" href=\"mailto:ndismaila@gmail.com\" target=\"_blank\">ndismaila@gmail.com<\/a>&nbsp;;&nbsp;<a rel=\"noreferrer noopener\" href=\"mailto:ismaila.ndour@isra.sn\" target=\"_blank\">ismaila.ndour@isra.sn<\/a>&nbsp;&nbsp;<\/td><td><strong><em><a href=\"http:\/\/www.isra.sn\/\" target=\"_blank\" rel=\"noreferrer noopener\">http:\/\/www.isra.sn\/<\/a><\/em><\/strong><\/td><\/tr><tr><td><br><strong>Syria<\/strong><br>Marine Research Institute Tishreen University P.O.Box: 2242 Lattakia<br>Tel: + 963 41 428658 \u2013 428690; Fax: + 963 41 42 8780<br>E-mail :&nbsp;<em><a href=\"javascript:x5engine.utils.emailTo('41224142','.comlaitmd@hoaebsaad')\">adebsaad@hotmail.com<\/a><\/em><\/td><td><\/td><\/tr><tr><td><br><strong>Tunisia<\/strong><br>Institut National des sciences et Technologie marine 28 ,rue du 2 Mars 1934 2025 Salammb\u00f4-TUNIS<br>Tel: + 216 1 730420 \u2013 548; Fax: +216 1 732662<br>E-mail:&nbsp;<em><a href=\"javascript:x5engine.utils.emailTo('41224142312','t.tnrrnm.inst@abetmrha.dri')\">ridha.mrabet@instm.rnrt.tn<\/a><\/em><\/td><td><strong><em><a href=\"http:\/\/www.instm.rnrt.tn\/\" target=\"_blank\" rel=\"noreferrer noopener\">http:\/\/www.instm.rnrt.tn\/<\/a><\/em><\/strong><\/td><\/tr><tr><td><br><strong>Turkey<\/strong><br>Dokuz Eyl\u00fcl \u00dcniversitesi Deniz Bilimleri ve Teknolojisi Enstit\u00fcs\u00fc &nbsp;Baku Bulvari No: 32, 35340 Inciralti \u2013 Izmir<br>Tel: + 90 232 2785565-2786515 \u20132786525; Fax: + 90 232 278 5082 &nbsp;&nbsp;&nbsp;&nbsp;&nbsp;&nbsp;&nbsp;&nbsp;&nbsp;&nbsp;&nbsp;&nbsp;&nbsp;&nbsp;&nbsp;&nbsp;<br>E-mail:&nbsp;<a href=\"javascript:x5engine.utils.emailTo('4122411','u.trd.eeust@dmi')\">imst@deu.edu.tr<\/a><\/td><td><strong><em><a href=\"www.deu.edu.tr\/imst\" target=\"_blank\" rel=\"noreferrer noopener\">www.deu.edu.tr\/imst<\/a><\/em><\/strong><\/td><\/tr><tr><td><br><strong>United Arab Emirates<\/strong><br>Marine Resources Research Centre (MRRC) Ministry of Environment and Water<br>P.O.Box 21, Umm Al Qaiwine,United Arab Emirates.<br>Tel: +971-6-7655881 Fax: +971-6-7655581<br>E-mail:&nbsp;<em><a href=\"javascript:x5engine.utils.emailTo('4122412','v.aeo.gewc@mormr')\">mrrc@moew.gov.ae<\/a><\/em><\/td><td><strong><em><a href=\"www.moew.gov.ae\" target=\"_blank\" rel=\"noreferrer noopener\">www.moew.gov.ae<\/a><\/em><\/strong><\/td><\/tr><\/tbody><\/table><\/figure>\n","protected":false},"excerpt":{"rendered":"<p>AlgeriaEcole Sup\u00e9rieure des Sciences de la Mer et de l\u2019Am\u00e9nagement du Littoral (ESSMAL).Campus universitaire, Bois des Cars, Dely Ibrahim, 16320 AlgerTel: + 213 21 63 79 16 \u2013 37 70 76; Fax: + 213 21 37 68 06E-mail:&nbsp;dg_enssmal@enssmal.dz&nbsp;;&nbsp;dzouakh@yahoo.fr&nbsp;&nbsp;&nbsp;&nbsp;&nbsp;&nbsp;&nbsp;&nbsp; http:\/\/www.enssmal.dz\/ AzerbaijanAzerbaijan National Academy Of Sciences,&nbsp;Institute of Geography named after acad.H.Aliyev115, av. H.Cavid, Baku, Tel:&nbsp;(+994 12) 5382900; <a class=\"read-more\" href=\"https:\/\/inoctr.org\/index.php\/focal-points\/\">Read More<\/a><\/p>\n","protected":false},"author":1,"featured_media":0,"parent":0,"menu_order":0,"comment_status":"closed","ping_status":"closed","template":"","meta":{"footnotes":""},"class_list":["post-97","page","type-page","status-publish","hentry"],"_links":{"self":[{"href":"https:\/\/inoctr.org\/index.php\/wp-json\/wp\/v2\/pages\/97","targetHints":{"allow":["GET"]}}],"collection":[{"href":"https:\/\/inoctr.org\/index.php\/wp-json\/wp\/v2\/pages"}],"about":[{"href":"https:\/\/inoctr.org\/index.php\/wp-json\/wp\/v2\/types\/page"}],"author":[{"embeddable":true,"href":"https:\/\/inoctr.org\/index.php\/wp-json\/wp\/v2\/users\/1"}],"replies":[{"embeddable":true,"href":"https:\/\/inoctr.org\/index.php\/wp-json\/wp\/v2\/comments?post=97"}],"version-history":[{"count":11,"href":"https:\/\/inoctr.org\/index.php\/wp-json\/wp\/v2\/pages\/97\/revisions"}],"predecessor-version":[{"id":342,"href":"https:\/\/inoctr.org\/index.php\/wp-json\/wp\/v2\/pages\/97\/revisions\/342"}],"wp:attachment":[{"href":"https:\/\/inoctr.org\/index.php\/wp-json\/wp\/v2\/media?parent=97"}],"curies":[{"name":"wp","href":"https:\/\/api.w.org\/{rel}","templated":true}]}}